oes 14 divide 667786?
True
Does 49 divide 823788?
True
Is 477997 a multiple of 230?
False
Does 47 divide 10716?
True
Is 13180802 a multiple of 493?
False
Does 465 divide 147870?
True
Is 20 a factor of 4816520?
True
Is 650100 a multiple of 330?
True
Does 33 divide 983?
False
Does 11 divide 130676?
False
Is 8 a factor of 8928?
True
Is 728724 a multiple of 100?
False
Is 273788 a multiple of 36?
False
Does 8 divide 3671316?
False
Is 9 a factor of 236718?
True
Does 95 divide 10572360?
True
Is 5 a factor of 744500?
True
Is 21480 a multiple of 20?
True
Is 13 a factor of 9475934?
True
Is 19 a factor of 1744143?
True
Does 10 divide 78860?
True
Is 51642 a multiple of 57?
True
Is 63360 a multiple of 72?
True
Is 5247 even?
False
Is 1599330 a multiple of 599?
True
Does 64 divide 661952?
True
Is 259024 a multiple of 291?
False
Is 454 a factor of 18683737?
False
Is 128072 a multiple of 10?
False
Is 5775017 a multiple of 64?
False
Is 22734 a multiple of 2?
True
Is 26 a factor of 176670?
True
Does 46 divide 594793?
False
Is 846187 even?
False
Does 18 divide 1829453?
False
Is 43 a factor of 132827?
True
Does 4 divide 103524?
True
Is 29 a factor of 1168307?
False
Is 191 a factor of 1086408?
True
Is 3339326 a multiple of 98?
False
Is 10 a factor of 21904?
False
Is 118929 a multiple of 26?
False
Is 63 a factor of 6196869?
True
Does 31 divide 12380335?
False
Does 9 divide 5308169?
False
Is 7510525 a multiple of 11?
True
Is 121159 a multiple of 17?
True
Does 76 divide 642936?
False
Is 7682199 a multiple of 47?
False
Is 380693 a multiple of 48?
False
Is 327813 a multiple of 2?
False
Does 393 divide 176756?
False
Is 8622230 a multiple of 67?
True
Is 171 a factor of 211185?
True
Does 4 divide 47208?
True
Is 201 a factor of 51054?
True
Does 555 divide 1532910?
True
Is 15 a factor of 2496491?
False
Does 24 divide 2905879?
False
Is 5 a factor of 117865?
True
Is 2972976 a multiple of 8?
True
Is 4 a factor of 9177?
False
Does 54 divide 283824?
True
Is 179 a factor of 2479003?
False
Is 289 a factor of 5706699?
False
Does 14 divide 449792?
True
Is 448 a factor of 1463168?
True
Is 15220736 a multiple of 256?
True
Is 9 a factor of 220788?
True
Is 1226 a multiple of 51?
False
Is 466832 a multiple of 8?
True
Does 76 divide 84808?
False
Is 13 a factor of 7395807?
False
Does 97 divide 192279?
False
Is 181573 a multiple of 53?
False
Is 997386 a multiple of 39?
True
Does 126 divide 315126?
True
Does 27 divide 117754?
False
Does 26 divide 75218?
True
Does 85 divide 108715?
True
Does 563 divide 1992457?
True
Does 244 divide 6151972?
True
Is 65 a factor of 90649?
False
Is 24 a factor of 179304?
True
Is 4877446 a multiple of 27?
False
Does 15 divide 180986?
False
Does 7 divide 830128?
False
Is 285012 a multiple of 378?
True
Is 130514 a multiple of 291?
False
Is 182 a factor of 285241?
False
Is 654 a factor of 11891028?
True
Is 542087 a multiple of 62?
False
Does 3 divide 261943?
False
Is 32 a factor of 8743091?
False
Is 2288 a multiple of 22?
True
Does 78 divide 2217?
False
Is 144190 a multiple of 43?
False
Does 1456 divide 4726680?
False
Does 24 divide 336456?
True
Is 1008515 a multiple of 401?
True
Is 130 a factor of 29819?
False
Is 6 a factor of 998291?
False
Does 62 divide 95170?
True
Does 10 divide 11229?
False
Does 4 divide 36609?
False
Is 30 a factor of 223410?
True
Is 399 a factor of 102141?
False
Is 262 a factor of 189688?
True
Is 12 a factor of 43939?
False
Is 6369 a multiple of 31?
False
Is 153672 a multiple of 109?
False
Does 15 divide 1466655?
True
Is 20 a factor of 77766?
False
Is 598 a factor of 6082856?
True
Does 8 divide 688312?
True
Is 798 a factor of 8498700?
True
Is 10 a factor of 181958?
False
Is 3051156 a multiple of 445?
False
Does 17 divide 6205?
True
Is 139 a factor of 212948?
True
Is 24 a factor of 9365?
False
Is 9 a factor of 117998?
False
Is 26522140 a multiple of 20?
True
Does 113 divide 14290394?
False
Is 200 a factor of 9134000?
True
Is 12 a factor of 68117?
False
Is 5 a factor of 66655?
True
Is 369 a factor of 1930330?
False
Is 6123980 a multiple of 460?
True
Is 26175294 a multiple of 669?
True
Is 14 a factor of 154385?
False
Is 84450 a multiple of 50?
True
Is 515424 a multiple of 624?
True
Is 352 a factor of 4850903?
False
Is 104230 a multiple of 10?
True
Is 1037918 a multiple of 25?
False
Is 145551 a multiple of 75?
False
Is 2494692 a multiple of 7?
False
Is 604 a factor of 7381276?
False
Is 1624 a factor of 140584?
False
Is 22402458 a multiple of 13?
True
Does 30 divide 2641997?
False
Is 868303 a multiple of 169?
False
Is 263 a factor of 3714653?
False
Does 6 divide 48186?
True
Is 14 a factor of 391058?
False
Does 7 divide 114171?
False
Is 421380 a multiple of 180?
True
Is 22 a factor of 17228207?
False
Is 18 a factor of 90407?
False
Does 273 divide 9308624?
False
Is 320 a factor of 222440?
False
Is 22 a factor of 30338?
True
Does 550 divide 1361250?
True
Is 35 a factor of 221550?
True
Is 5102412 a multiple of 276?
True
Is 16 a factor of 317344?
True
Is 111896 a multiple of 40?
False
Is 32 a factor of 385984?
True
Does 23 divide 646300?
True
Does 28 divide 951552?
True
Is 17 a factor of 17532?
False
Is 836172 a multiple of 509?
False
Is 554068 a multiple of 19?
False
Does 67 divide 1757057?
False
Does 7 divide 699419?
True
Does 54 divide 256176?
True
Is 8507174 a multiple of 17?
True
Is 232848 a multiple of 36?
True
Is 155922 a multiple of 78?
True
Is 113 a factor of 56839?
True
Is 17476 a multiple of 17?
True
Is 81217 a multiple of 61?
False
Does 4 divide 36888?
True
Is 53838 a multiple of 9?
True
Is 192500 a multiple of 326?
False
Does 17 divide 6140179?
True
Is 11 a factor of 22902?
True
Does 83 divide 3414340?
False
Does 26 divide 624?
True
Is 418 a factor of 223298?
False
Is 1067763 a multiple of 125?
False
Is 16 a factor of 2633102?
False
Does 526 divide 15258246?
False
Does 317 divide 343311?
True
Is 22385035 a multiple of 11?
False
Is 27 a factor of 726111?
True
Is 239841 a multiple of 81?
True
Does 71 divide 2270576?
False
Does 296 divide 217642?
False
Is 35 a factor of 396830?
True
Is 55352 a multiple of 34?
True
Does 177 divide 811191?
True
Is 538326 a multiple of 162?
True
Does 4 divide 130640?
True
Is 3 a factor of 193509?
True
Is 230043 a multiple of 14?
False
Is 168 a factor of 496776?
True
Is 647 a factor of 4560081?
False
Does 21 divide 49350?
True
Is 33 a factor of 220275?
True
Is 36571 even?
False
Is 10400464 a multiple of 16?
True
Does 60 divide 8779643?
False
Does 14 divide 7042?
True
Is 7135245 a multiple of 39?
True
Is 43 a factor of 53664?
True
Is 35580 a multiple of 6?
True
Does 4 divide 575102?
False
Is 1076408 a multiple of 394?
True
Is 1135620 a multiple of 5?
True
Is 33 a factor of 1335839?
False
Is 23760 a multiple of 24?
True
Is 187552 a multiple of 8?
True
Does 31 divide 13369587?
True
Is 506220 a multiple of 15?
True
Is 56 a factor of 107067?
False
Is 231 a factor of 1484550?
False
Is 55 a factor of 1246327?
False
Is 23 a factor of 106007?
True
Does 222 divide 137196?
True
Does 71 divide 10208625?
False
Does 27 divide 16740?
True
Is 23 a factor of 525222?
False
Does 132 divide 299376?
True
Does 17 divide 535449?
True
Is 2 a factor of 41799?
False
Is 71949 a multiple of 58?
False
Is 1631 a factor of 228340?
True
Does 8 divide 454856?
True
Does 6 divide 130049?
False
Is 1033896 a multiple of 6?
True
Does 25 divide 61678?
False
Is 225 a factor of 178852?
False
Is 68 a factor of 103832?
False
Is 13 a factor of 1300884?
True
Is 253 a factor of 3214108?
False
Does 18 divide 1475794?
False
Is 18237 a multiple of 3?
True
Is 22 a factor of 18022052?
False
Is 734868 a multiple of 18?
True
Does 23 divide 67885?
False
Does 1140 divide 7806720?
True
Does 5 divide 62205?
True
Is 1228752 a multiple of 828?
True
Is 626926 a multiple of 34?
True
Is 12 a factor of 493272?
True
Does 31 divide 3627?
True
Is 2069250 a multiple of 465?
True
Does 14 divide 11652634?
True
Is 2439051 a multiple of 357?
False
Is 80 a factor of 1970533?
False
Is 1608255 a multiple of 14?
False
Does 1497 divide 16146642?
True
Is 3706710 a multiple of 1330?
True
Is 782146 a multiple of 11?
False
Is 102 a factor of 13260?
True
Is 21 a factor of 2371538?
False
Does 23 divide 106283?
True
Is 138147 a multiple of 2?
False
Does 32 divide 84992?
True
Does 7 divide 31